n base 8?
100401
What is 14925 (base 11) in base 13?
9798
-121 (base 16) to base 7
-562
What is 11842 (base 9) in base 4?
1330220
What is 24045 (base 8) in base 3?
112002122
212100200 (base 3) to base 16
4284
Convert -10010110110 (base 2) to base 14.
-622
1320313 (base 4) to base 5
221420
What is 5500 (base 6) in base 14?
660
What is 32153 (base 6) in base 5?
120024
Convert 1af (base 16) to base 14.
22b
-63 (base 13) to base 8
-121
886 (base 10) to base 4
31312
-12110 (base 5) to base 13
-548
What is -1162 (base 12) in base 14?
-9d0
What is -694c (base 16) in base 13?
-c367
20b7 (base 14) to base 8
13021
Convert -411 (base 5) to base 9.
-127
46602 (base 8) to base 5
1113332
-90a6 (base 11) to base 3
-121120222
Convert 3012 (base 6) to base 8.
1220
403 (base 5) to base 15
6d
331420 (base 5) to base 14
4285
-14a28 (base 11) to base 10
-21205
112011111 (base 3) to base 12
5b87
What is -407 (base 9) in base 10?
-331
What is -654 (base 10) in base 7?
-1623
Convert 15b (base 16) to base 11.
296
Convert -4234 (base 7) to base 8.
-2727
Convert -3395 (base 10) to base 8.
-6503
Convert 111010100110110 (base 2) to base 6.
350530
1e0a (base 15) to base 11
4a01
Convert -1212 (base 3) to base 13.
-3b
Convert -123034 (base 8) to base 9.
-64288
21022 (base 9) to base 10
13871
Convert 5920 (base 13) to base 11.
9463
Convert 1963 (base 10) to base 2.
11110101011
Convert -1202012210 (base 3) to base 16.
-8673
Convert -1428 (base 15) to base 8.
-10331
401 (base 9) to base 14
193
What is 53 (base 6) in base 2?
100001
What is -3333 (base 7) in base 4?
-102300
Convert -103 (base 13) to base 6.
-444
Convert -736 (base 15) to base 16.
-65a
Convert -3a77 (base 11) to base 8.
-12247
Convert -1210 (base 7) to base 14.
-240
What is 376b (base 14) in base 2?
10010111100011
121310 (base 4) to base 3
2021012
What is 517 (base 12) in base 13?
44b
7425 (base 8) to base 15
1226
Convert 7613 (base 11) to base 12.
59a1
Convert 21102 (base 7) to base 15.
1816
What is 5b7 (base 16) in base 14?
767
Convert -13312121 (base 4) to base 9.
-48085
Convert 22110121 (base 3) to base 15.
1c67
220001122 (base 3) to base 11
121a6
What is -1000000000010 (base 2) in base 4?
-1000002
Convert 50279 (base 11) to base 4.
101330331
Convert -42475 (base 9) to base 16.
-6dbe
-542253 (base 6) to base 2
-1010111000111001
Convert -2220212 (base 3) to base 9.
-2825
Convert -813 (base 10) to base 13.
-4a7
Convert -1424224 (base 5) to base 2.
-111010011110011
What is 3cae (base 15) in base 3?
122211002
Convert -2406 (base 9) to base 10.
-1788
Convert -1101010 (base 3) to base 5.
-13002
2465 (base 7) to base 15
41e
-1b10 (base 12) to base 2
-110011111100
Convert 110323 (base 4) to base 13.
7c0
454 (base 8) to base 14
176
What is -1c0 (base 14) in base 2?
-101101100
-25231 (base 10) to base 4
-12022033
Convert -c2 (base 16) to base 11.
-167
What is -3020 (base 6) in base 4?
-22110
Convert 123404 (base 5) to base 4.
1023312
Convert 357 (base 12) to base 13.
2c5
What is 5307 (base 11) in base 12?
4095
6a2 (base 11) to base 10
838
Convert -6157 (base 11) to base 14.
-2d97
What is -17454 (base 8) in base 7?
-32160
-3530 (base 7) to base 16
-50f
What is -354 (base 9) in base 6?
-1204
-2310 (base 7) to base 2
-1101001000
397 (base 15) to base 13
4ab
What is 1010100110 (base 2) in base 9?
833
What is -319 (base 12) in base 9?
-553
-1012020 (base 4) to base 8
-10610
Convert -20240 (base 7) to base 3.
-20202112
Convert 478 (base 9) to base 2.
110001011
What is 1384 (base 16) in base 5?
124441
What is -501a (base 12) in base 13?
-3c34
What is -3a9 (base 16) in base 8?
-1651
-110003 (base 4) to base 14
-679
211 (base 3) to base 5
42
Convert 2030133 (base 4) to base 13.
4128
What is 20012 (base 4) in base 12?
372
What is 8a2d (base 15) in base 5?
1414133
74058 (base 9) to base 15
e74b
What is -2805c (base 13) in base 3?
-10210120110
What is -10101010011101 (base 2) in base 4?
-2222131
-2016 (base 10) to base 16
-7e0
Convert 6875 (base 12) to base 7.
45563
What is 13941 (base 11) in base 15?
5ccd
What is 601 (base 11) in base 13?
43c
What is -100202 (base 3) in base 14?
-14b
What is 21d (base 16) in base 7?
1402
Convert -24722 (base 10) to base 7.
-132035
What is 3e85 (base 15) in base 9?
20338
Convert -1a52 (base 12) to base 16.
-c9e
-112221 (base 3) to base 7
-1114
Convert 3445 (base 8) to base 13.
aa9
What is 1614 (base 8) in base 10?
908
-113021 (base 6) to base 5
-302413
100002 (base 3) to base 14
137
What is 1223031 (base 4) in base 11?
5178
12570 (base 12) to base 3
1021021210
Convert 6cb (base 16) to base 11.
1341
256 (base 11) to base 5
2203
What is -10111011101 (base 2) in base 15?
-6a1
What is -1026 (base 11) in base 10?
-1359
11106 (base 7) to base 4
223233
-18059 (base 12) to base 6
-424153
What is -2823a (base 11) in base 12?
-1b333
What is 3d (base 15) in base 13?
46
Convert -63512 (base 7) to base 3.
-210112002
-48746 (base 9) to base 15
-9a40
What is 16985 (base 10) in base 5?
1020420
Convert 104410 (base 5) to base 12.
21aa
Convert -3421 (base 13) to base 11.
-5531
Convert -29364 (base 11) to base 8.
-121336
-8e8 (base 15) to base 2
-11111100010
What is -12022110 (base 3) in base 4?
-330201
34311 (base 5) to base 3
10100222
Convert 18109 (base 10) to base 9.
26751
-11022 (base 3) to base 9
-138
What is 3ca (base 13) in base 6?
3041
35051 (base 7) to base 4
2023322
Convert -651 (base 14) to base 7.
-3431
Convert 201102 (base 3) to base 10.
524
-1100001011 (base 2) to base 10
-779
What is -1380b (base 12) in base 13?
-c434
-212322 (base 5) to base 16
-1c2c
What is -12636 (base 8) in base 3?
-21120222
Convert 25501 (base 7) to base 3.
100021111
Convert -b20 (base 16) to base 6.
-21104
What is -20321 (base 5) in base 7?
-3616
-434 (base 5) to base 12
-9b
What is -26ae (base 15) in base 13?
-39b9
-123 (base 4) to base 8
-33
41a6 (base 16) to base 9
25043
What is 12233 (base 4) in base 12?
2bb
-1be (base 16) to base 6
-2022
What is -1109 (base 10) in base 15?
-4de
What is -1223 (base 5) in base 12?
-138
What is -11000 (base 7) in base 15?
-c2e
2553 (base 6) to base 15
2d0
What is -773 (base 10) in base 2?
-1100000101
Convert 232 (base 5) to base 7.
124
What is -7416 (base 15) in base 8?
-57742
What is 6182 (base 11) in base 14?
2db7
What is -131 (base 12) in base 8?
-265
Convert 223 (base 9) to base 5.
1213
What is 3515 (base 6) in base 7?
2306
What is 330002 (base 4) in base 8?
7402
What is -1001121020 (base 3) in base 15?
-62a0
69a2 (base 13) to base 16
39f3
1016 (base 11) to base 6
10124
What is 2a2 (base 12) in base 10?
410
-a55 (base 13) to base 5
-24020
What is 575b (base 13) in base 7?
50461
What is 5428 (base 16) in base 11?
15206
-34350 (base 8) to base 16
-38e8
Convert -1807 (base 11) to base 12.
-1402
Convert 102110 (base 3) to base 14.
181
What is 8a5 (base 13) in base 9?
2032
Convert 110111111 (base 2) to base 5.
3242
What is 16061 (base 10) in base 7?
64553
54213 (base 6) to base 12
4369
Convert -3a6 (base 12) to base 7.
-1425
334625 (base 7) to base 10
59309
Convert 11 (base 5) to base 14.
6
Convert -1012020021 (base 3) to base 10.
-23497
3444 (base 6) to base 5
11240
Convert -1322 (base 4) to base 12.
-a2
1447c (base 14) to base 9
75873
214 (base 14) to base 11
343
Convert 43245 (base 8) to base 5.
1034320
-2052 (base 12) to base 14
-13d4
What is -a04a (base 11) in base 15?
-3e5e
2025 (base 6) to base 15
1ee
-48a64 (base 11) to base 4
-101031130
What is -2d2 (base 14) in base 2?
-1001000000
What is -101102012 (base 3) in base 8?
-16650
Convert -2440100 (base 5) to base 12.
-22943
Convert e6 (base 15) to base 5.
1331
Convert 20230330 (base 4) to base 5.
2120034
11110010000 (base 2) to base 13
b5c
What is 381 (base 12) in base 11?
441
What is 2311 (base 8) in base 13?
733
What is 1bc4 (base 13) in base 11?
3193
What is 13102 (base 4) in base 16?
1d2
Convert 144e (base 15) to base 4.
1003331
What is -81c (base 14) in base 7?
-4435
What is -b15 (base 14) in base 4?
-201333
What is -648 (base 13) in base 6?
-4550
What is 177 (base 16) in base 7?
1044
-3452 (base 12) to base 6
-42542
Convert 864 (base 15) to base 6.
12434
11063 (base 7) to base 4
223211
Convert 10001100101010 (base 2) to base 8.
21452
Convert 102 (base 13) to base 11.
146
-2662 (base 8) to base 2
-10110110010
Convert -5654 (base